26?
278
Calculate the remainder when 47933 is divided by 28.
25
Calculate the remainder when 18326 is divided by 3050.
26
Calculate the remainder when 2236 is divided by 292.
192
Calculate the remainder when 4206 is divided by 305.
241
What is the remainder when 580158 is divided by 386?
0
Calculate the remainder when 90298 is divided by 434.
26
What is the remainder when 86455 is divided by 215?
25
Calculate the remainder when 60768 is divided by 122.
12
Calculate the remainder when 1804 is divided by 226.
222
What is the remainder when 5192 is divided by 433?
429
What is the remainder when 911 is divided by 150?
11
What is the remainder when 146062 is divided by 12170?
22
What is the remainder when 3338071 is divided by 58?
55
Calculate the remainder when 61198 is divided by 51.
49
Calculate the remainder when 4029 is divided by 16.
13
Calculate the remainder when 108916 is divided by 172.
40
What is the remainder when 7542 is divided by 1168?
534
Calculate the remainder when 49217 is divided by 214.
211
Calculate the remainder when 4363486 is divided by 327.
325
What is the remainder when 5903 is divided by 2926?
51
Calculate the remainder when 9074 is divided by 449.
94
What is the remainder when 494 is divided by 19?
0
Calculate the remainder when 18098 is divided by 1461.
566
Calculate the remainder when 2530 is divided by 20.
10
Calculate the remainder when 1986 is divided by 308.
138
Calculate the remainder when 267997 is divided by 50.
47
What is the remainder when 457775 is divided by 374?
373
What is the remainder when 9777 is divided by 3259?
0
What is the remainder when 8073 is divided by 33?
21
What is the remainder when 18264 is divided by 4540?
104
Calculate the remainder when 342022 is divided by 17.
16
Calculate the remainder when 354 is divided by 342.
12
What is the remainder when 28277 is divided by 1183?
1068
What is the remainder when 10029 is divided by 324?
309
Calculate the remainder when 72536 is divided by 558.
554
What is the remainder when 47072 is divided by 1265?
267
Calculate the remainder when 32409 is divided by 208.
169
Calculate the remainder when 66166 is divided by 21.
16
What is the remainder when 287024 is divided by 780?
764
What is the remainder when 33578 is divided by 10?
8
What is the remainder when 488 is divided by 137?
77
What is the remainder when 7615 is divided by 99?
91
Calculate the remainder when 102591 is divided by 221.
47
Calculate the remainder when 245 is divided by 222.
23
What is the remainder when 6078 is divided by 1229?
1162
Calculate the remainder when 132724 is divided by 66337.
50
What is the remainder when 4067 is divided by 779?
172
What is the remainder when 90380 is divided by 67?
64
Calculate the remainder when 1391 is divided by 534.
323
Calculate the remainder when 5482953 is divided by 37.
34
What is the remainder when 603 is divided by 30?
3
What is the remainder when 8961 is divided by 9?
6
What is the remainder when 174879 is divided by 36?
27
What is the remainder when 79516 is divided by 355?
351
What is the remainder when 306766 is divided by 37?
36
Calculate the remainder when 396472 is divided by 138.
136
What is the remainder when 3236 is divided by 106?
56
Calculate the remainder when 8165 is divided by 680.
5
Calculate the remainder when 11938 is divided by 699.
55
What is the remainder when 20363 is divided by 152?
147
Calculate the remainder when 50937 is divided by 16933.
138
Calculate the remainder when 1431 is divided by 643.
145
What is the remainder when 531 is divided by 244?
43
Calculate the remainder when 6329 is divided by 15.
14
Calculate the remainder when 53192 is divided by 78.
74
Calculate the remainder when 669248 is divided by 382.
366
Calculate the remainder when 40791 is divided by 41.
37
What is the remainder when 6691 is divided by 954?
13
What is the remainder when 7219 is divided by 1029?
16
Calculate the remainder when 533273 is divided by 1193.
2
Calculate the remainder when 41628 is divided by 310.
88
What is the remainder when 43215 is divided by 296?
295
Calculate the remainder when 789411 is divided by 83.
81
What is the remainder when 7589 is divided by 98?
43
Calculate the remainder when 2134 is divided by 379.
239
Calculate the remainder when 114857 is divided by 8831.
54
Calculate the remainder when 2564 is divided by 526.
460
Calculate the remainder when 2226 is divided by 195.
81
What is the remainder when 36034 is divided by 18006?
22
Calculate the remainder when 36286 is divided by 111.
100
What is the remainder when 3351 is divided by 280?
271
What is the remainder when 417289 is divided by 291?
286
What is the remainder when 370761 is divided by 61790?
21
Calculate the remainder when 3886 is divided by 1649.
588
Calculate the remainder when 698 is divided by 119.
103
Calculate the remainder when 4918 is divided by 148.
34
Calculate the remainder when 17326 is divided by 40.
6
Calculate the remainder when 1766188 is divided by 62.
56
What is the remainder when 3042 is divided by 149?
62
What is the remainder when 793610 is divided by 796?
794
Calculate the remainder when 23790 is divided by 2378.
10
Calculate the remainder when 15043 is divided by 198.
193
Calculate the remainder when 3919 is divided by 70.
69
What is the remainder when 44995 is divided by 40?
35
Calculate the remainder when 6665 is divided by 139.
132
What is the remainder when 12021 is divided by 3891?
348
Calculate the remainder when 6473 is divided by 2110.
143
Calculate the remainder when 976273 is divided by 586.
583
Calculate the remainder when 747295 is divided by 88.
87
Calculate the remainder when 12375 is divided by 4116.
27
What is the remainder when 4308 is divided by 1432?
12
Calculate the remainder when 390040 is divided by 9.
7
What is the remainder when 14043 is divided by 3482?
115
Calculate the remainder when 228 is divided by 190.
38
Calculate the remainder when 117599 is divided by 17.
10
What is the remainder when 4816 is divided by 152?
104
What is the remainder when 3552 is divided by 80?
32
What is the remainder when 689952 is divided by 105?
102
What is the remainder when 6594 is divided by 6023?
571
What is the remainder when 994 is divided by 14?
0
What is the remainder when 8038 is divided by 7993?
45
Calculate the remainder when 4391 is divided by 215.
91
Calculate the remainder when 66519 is divided by 352.
343
What is the remainder when 80056 is divided by 223?
222
Calculate the remainder when 2595 is divided by 564.
339
What is the remainder when 8623 is divided by 45?
28
Calculate the remainder when 332962 is divided by 332944.
18
Calculate the remainder when 14407 is divided by 240.
7
What is the remainder when 2973 is divided by 324?
57
Calculate the remainder when 345853 is divided by 134.
133
What is the remainder when 6791 is divided by 406?
295
Calculate the remainder when 49320 is divided by 441.
369
What is the remainder when 4266 is divided by 1414?
24
What is the remainder when 6651 is divided by 356?
243
Calculate the remainder when 530217 is divided by 31.
24
What is the remainder when 176256 is divided by 35?
31
Calculate the remainder when 12165 is divided by 938.
909
What is the remainder when 518352 is divided by 153?
141
Calculate the remainder when 716 is divided by 316.
84
What is the remainder when 774692 is divided by 9?
8
Calculate the remainder when 3725 is divided by 275.
150
Calculate the remainder when 10624 is divided by 138.
136
Calculate the remainder when 797 is divided by 406.
391
What is the remainder when 2140 is divided by 557?
469
Calculate the remainder when 20938 is divided by 234.
112
What is the remainder when 4837 is divided by 9?
4
Calculate the remainder when 2893 is divided by 196.
149
What is the remainder when 16710 is divided by 18?
6
Calculate the remainder when 3257 is divided by 1266.
725
Calculate the remainder when 72826 is divided by 16.
10
Calculate the remainder when 3664 is divided by 173.
31
What is the remainder when 8186 is divided by 178?
176
Calculate the remainder when 12843 is divided by 68.
59
What is the remainder when 1156 is divided by 890?
266
Calculate the remainder when 4704 is divided by 889.
259
What is the remainder when 23466 is divided by 586